{"id":188,"date":"2013-04-28T03:38:30","date_gmt":"2013-04-28T01:38:30","guid":{"rendered":"http:\/\/csinet.homelinux.net\/csi-computer.ch\/?page_id=188"},"modified":"2026-01-07T16:09:14","modified_gmt":"2026-01-07T14:09:14","slug":"kontakt","status":"publish","type":"page","link":"https:\/\/csi-computer.ch\/?page_id=188","title":{"rendered":"So finden sie uns"},"content":{"rendered":"<p>Unsere B\u00fcros befinden sich im Zentrum von 8157 Dielsdorf (Z\u00fcrcher Unterland).&nbsp; Sie erreichen uns&nbsp;<span style=\"font-size: 16px; font-style: normal; font-weight: 400;\">vom Flughafen oder der Stadt Z\u00fcrich <\/span><span style=\"font-size: 16px;\">per Auto oder \u00f6ffentlichen Verkehrsmittel in 20 Minuten. <\/span><\/p>\n<table style=\"border-collapse: collapse; width: 100%;\">\n<tbody>\n<tr>\n<td style=\"width: 71.2658%;\">\n<p style=\"font-size: 16px; font-style: normal; font-weight: 400;\"><a href=\"https:\/\/maps.google.ch\/maps?q=CSI+Computer+Service+und+Installationen+Wehntalerstrasse+80,+Dielsdorf&amp;hl=de&amp;ie=UTF8&amp;sll=47.476028,8.454666&amp;sspn=0.010805,0.017381&amp;t=h&amp;hq=CSI+Computer+Service+und+Installationen&amp;hnear=Wehntalerstrasse+80,+8157+Dielsdorf,+Z%C3%BCrich&amp;z=16 noopener\" target=\"_blank\" rel=\"https:\/\/maps.google.ch\/maps?q=CSI+Computer+Service+und+Installationen+Wehntalerstrasse+80,+Dielsdorf&amp;hl=de&amp;ie=UTF8&amp;sll=47.476028,8.454666&amp;sspn=0.010805,0.017381&amp;t=h&amp;hq=CSI+Computer+Service+und+Installationen&amp;hnear=Wehntalerstrasse+80,+8157+Dielsdorf,+Z%C3%BCrich&amp;z=16 noopener\"><img loading=\"lazy\" class=\"alignleft wp-image-193\" src=\"https:\/\/csi-computer.ch\/wp-content\/uploads\/2013\/04\/0f1afbf83e65f67a180a56e344fd93b5.png\" alt=\"\" width=\"44\" height=\"44\" srcset=\"https:\/\/csi-computer.ch\/wp-content\/uploads\/2013\/04\/0f1afbf83e65f67a180a56e344fd93b5.png 256w, https:\/\/csi-computer.ch\/wp-content\/uploads\/2013\/04\/0f1afbf83e65f67a180a56e344fd93b5-150x150.png 150w\" sizes=\"(max-width: 44px) 100vw, 44px\" \/><\/a>Schneggengasse 2A<br \/>\n8157 \u2013 Dielsdorf \/ ZH Schweiz<br \/>\nTel.&nbsp;&nbsp;&nbsp; ++41 044 854 08 70&nbsp;&nbsp;<a style=\"font-size: 16px; transition-property: all;\" href=\"mailto:support@csi-computer.ch\">E-Mail<\/a><\/p>\n<p style=\"font-size: 16px; font-style: normal; font-weight: 400;\"><span style=\"font-size: 16px;\">1. Stock \/ Parkplatz vorhanden, Hintereingang Benutzen<\/span><\/p>\n<\/td>\n<td style=\"width: 28.7342%;\">&nbsp;<\/td>\n<\/tr>\n<\/tbody>\n<\/table>\n<p><a href=\"https:\/\/csi-computer.ch\/wp-content\/uploads\/2018\/11\/2018-11-22-18_06_48-Window-map-csi.jpg\"><img loading=\"lazy\" class=\"alignnone wp-image-666\" src=\"https:\/\/csi-computer.ch\/wp-content\/uploads\/2018\/11\/2018-11-22-18_06_48-Window-map-csi.jpg\" alt=\"\" width=\"543\" height=\"337\" srcset=\"https:\/\/csi-computer.ch\/wp-content\/uploads\/2018\/11\/2018-11-22-18_06_48-Window-map-csi.jpg 1293w, https:\/\/csi-computer.ch\/wp-content\/uploads\/2018\/11\/2018-11-22-18_06_48-Window-map-csi-300x186.jpg 300w, https:\/\/csi-computer.ch\/wp-content\/uploads\/2018\/11\/2018-11-22-18_06_48-Window-map-csi-768x476.jpg 768w, https:\/\/csi-computer.ch\/wp-content\/uploads\/2018\/11\/2018-11-22-18_06_48-Window-map-csi-1024x635.jpg 1024w\" sizes=\"(max-width: 543px) 100vw, 543px\" \/><\/a><\/p>\n<p><a href=\"https:\/\/csi-computer.ch\/wp-content\/uploads\/2018\/11\/2018-11-22-18_06_48-Window-map-csi-geo.jpg\"><img loading=\"lazy\" class=\"alignnone wp-image-665\" src=\"https:\/\/csi-computer.ch\/wp-content\/uploads\/2018\/11\/2018-11-22-18_06_48-Window-map-csi-geo.jpg\" alt=\"\" width=\"544\" height=\"340\" srcset=\"https:\/\/csi-computer.ch\/wp-content\/uploads\/2018\/11\/2018-11-22-18_06_48-Window-map-csi-geo.jpg 1313w, https:\/\/csi-computer.ch\/wp-content\/uploads\/2018\/11\/2018-11-22-18_06_48-Window-map-csi-geo-300x187.jpg 300w, https:\/\/csi-computer.ch\/wp-content\/uploads\/2018\/11\/2018-11-22-18_06_48-Window-map-csi-geo-768x480.jpg 768w, https:\/\/csi-computer.ch\/wp-content\/uploads\/2018\/11\/2018-11-22-18_06_48-Window-map-csi-geo-1024x640.jpg 1024w\" sizes=\"(max-width: 544px) 100vw, 544px\" \/><\/a><\/p>\n<p><a href=\"https:\/\/www.google.ch\/maps\/place\/CSI+Computer+Service+und+Installationen+P.+Willi\/@47.4454147,8.4905937,13z\/data=!4m5!3m4!1s0x4790736b9d3cc7bf:0xaca1d375038498da!8m2!3d47.4811856!4d8.4534963\"><img loading=\"lazy\" class=\"alignnone wp-image-754 \" src=\"https:\/\/csi-computer.ch\/wp-content\/uploads\/2021\/08\/2021-08-10-23_26_02-CSI-Computer-Service-und-Installationen-P.-Willi-Google-Maps.png\" alt=\"\" width=\"543\" height=\"480\" srcset=\"https:\/\/csi-computer.ch\/wp-content\/uploads\/2021\/08\/2021-08-10-23_26_02-CSI-Computer-Service-und-Installationen-P.-Willi-Google-Maps.png 1654w, https:\/\/csi-computer.ch\/wp-content\/uploads\/2021\/08\/2021-08-10-23_26_02-CSI-Computer-Service-und-Installationen-P.-Willi-Google-Maps-300x266.png 300w, https:\/\/csi-computer.ch\/wp-content\/uploads\/2021\/08\/2021-08-10-23_26_02-CSI-Computer-Service-und-Installationen-P.-Willi-Google-Maps-1024x906.png 1024w, https:\/\/csi-computer.ch\/wp-content\/uploads\/2021\/08\/2021-08-10-23_26_02-CSI-Computer-Service-und-Installationen-P.-Willi-Google-Maps-768x680.png 768w, https:\/\/csi-computer.ch\/wp-content\/uploads\/2021\/08\/2021-08-10-23_26_02-CSI-Computer-Service-und-Installationen-P.-Willi-Google-Maps-1536x1360.png 1536w\" sizes=\"(max-width: 543px) 100vw, 543px\" \/><\/a><\/p>\n","protected":false},"excerpt":{"rendered":"<p>Unsere B\u00fcros befinden sich im Zentrum von 8157 Dielsdorf (Z\u00fcrcher Unterland).&nbsp; Sie erreichen uns&nbsp;vom Flughafen oder der Stadt Z\u00fcrich per Auto oder \u00f6ffentlichen Verkehrsmittel in 20 Minuten. Schneggengasse 2A 8157 \u2013 Dielsdorf \/ ZH Schweiz Tel.&nbsp;&nbsp;&nbsp; ++41 044 854 08 70&nbsp;&nbsp;E-Mail 1. Stock \/ Parkplatz vorhanden, Hintereingang Benutzen &nbsp;<\/p>\n","protected":false},"author":1,"featured_media":0,"parent":0,"menu_order":0,"comment_status":"closed","ping_status":"closed","template":"","meta":{"site-sidebar-layout":"default","site-content-layout":"default","ast-site-content-layout":"default","site-content-style":"default","site-sidebar-style":"default","ast-global-header-display":"","ast-banner-title-visibility":"","ast-main-header-display":"","ast-hfb-above-header-display":"","ast-hfb-below-header-display":"","ast-hfb-mobile-header-display":"","site-post-title":"","ast-breadcrumbs-content":"","ast-featured-img":"","footer-sml-layout":"","theme-transparent-header-meta":"default","adv-header-id-meta":"","stick-header-meta":"","header-above-stick-meta":"","header-main-stick-meta":"","header-below-stick-meta":"","astra-migrate-meta-layouts":"set","ast-page-background-enabled":"default","ast-page-background-meta":{"desktop":{"background-color":"","background-image":"","background-repeat":"repeat","background-position":"center center","background-size":"auto","background-attachment":"scroll","background-type":"","background-media":"","overlay-type":"","overlay-color":"","overlay-opacity":"","overlay-gradient":""},"tablet":{"background-color":"","background-image":"","background-repeat":"repeat","background-position":"center center","background-size":"auto","background-attachment":"scroll","background-type":"","background-media":"","overlay-type":"","overlay-color":"","overlay-opacity":"","overlay-gradient":""},"mobile":{"background-color":"","background-image":"","background-repeat":"repeat","background-position":"center center","background-size":"auto","background-attachment":"scroll","background-type":"","background-media":"","overlay-type":"","overlay-color":"","overlay-opacity":"","overlay-gradient":""}},"ast-content-background-meta":{"desktop":{"background-color":"var(--ast-global-color-5)","background-image":"","background-repeat":"repeat","background-position":"center center","background-size":"auto","background-attachment":"scroll","background-type":"","background-media":"","overlay-type":"","overlay-color":"","overlay-opacity":"","overlay-gradient":""},"tablet":{"background-color":"var(--ast-global-color-5)","background-image":"","background-repeat":"repeat","background-position":"center center","background-size":"auto","background-attachment":"scroll","background-type":"","background-media":"","overlay-type":"","overlay-color":"","overlay-opacity":"","overlay-gradient":""},"mobile":{"background-color":"var(--ast-global-color-5)","background-image":"","background-repeat":"repeat","background-position":"center center","background-size":"auto","background-attachment":"scroll","background-type":"","background-media":"","overlay-type":"","overlay-color":"","overlay-opacity":"","overlay-gradient":""}},"ngg_post_thumbnail":0},"_links":{"self":[{"href":"https:\/\/csi-computer.ch\/index.php?rest_route=\/wp\/v2\/pages\/188"}],"collection":[{"href":"https:\/\/csi-computer.ch\/index.php?rest_route=\/wp\/v2\/pages"}],"about":[{"href":"https:\/\/csi-computer.ch\/index.php?rest_route=\/wp\/v2\/types\/page"}],"author":[{"embeddable":true,"href":"https:\/\/csi-computer.ch\/index.php?rest_route=\/wp\/v2\/users\/1"}],"replies":[{"embeddable":true,"href":"https:\/\/csi-computer.ch\/index.php?rest_route=%2Fwp%2Fv2%2Fcomments&post=188"}],"version-history":[{"count":62,"href":"https:\/\/csi-computer.ch\/index.php?rest_route=\/wp\/v2\/pages\/188\/revisions"}],"predecessor-version":[{"id":755,"href":"https:\/\/csi-computer.ch\/index.php?rest_route=\/wp\/v2\/pages\/188\/revisions\/755"}],"wp:attachment":[{"href":"https:\/\/csi-computer.ch\/index.php?rest_route=%2Fwp%2Fv2%2Fmedia&parent=188"}],"curies":[{"name":"wp","href":"https:\/\/api.w.org\/{rel}","templated":true}]}}