{"id":16,"date":"2013-04-18T23:24:26","date_gmt":"2013-04-18T21:24:26","guid":{"rendered":"http:\/\/csinet.homelinux.net\/csi-computer.ch\/?page_id=16"},"modified":"2018-10-13T17:00:29","modified_gmt":"2018-10-13T15:00:29","slug":"cloud-applikation-dienste","status":"publish","type":"page","link":"https:\/\/csi-computer.ch\/?page_id=16","title":{"rendered":"Internet und Cloud Software"},"content":{"rendered":"<p>Suchen Sie schon lange ein einfach zu bedienendes Faktura und Kontaktverwaltung L\u00f6sung Software, welche Sie von \u00fcberall her arbeiten k\u00f6nnen,und noch dazu keine Software Installation auf Ihren Ger\u00e4ten ben\u00f6tigt. Ob Mobile oder PC \/MAC im B\u00fcro oder als Monteur im Aussendienst. Unsere Software l\u00e4sst keine W\u00fcnsche offen.<\/p>\n<p><strong><a href=\"https:\/\/csi-computer.ch\/wp-content\/uploads\/2018\/10\/2015-03-01_Logo-SVG.png\"><img loading=\"lazy\" class=\"alignnone size-full wp-image-661\" src=\"https:\/\/csi-computer.ch\/wp-content\/uploads\/2018\/10\/2015-03-01_Logo-SVG.png\" alt=\"\" width=\"196\" height=\"26\"><\/a><\/strong><\/p>\n<ul>\n<li>Die 100% Cloud Branchenl\u00f6sung CMS\/ ERP<\/li>\n<li>Branchenl\u00f6sung aus dem Hause CSI Computer Service<\/li>\n<\/ul>\n<p>ERP + Rechnungswesen f\u00fcr KMU und Privat Office. Browser Cloud-basierend.&nbsp;Die Mitarbeiter Ihres Unternehmens nutzen Cloud-basierte Dienste, um unternehmenskritische Informationen untereinander sowie mit Lieferanten, Kunden und Partnern auszutauschen. Sie synchronisieren diese Daten mit ihren privaten Smartphones, Tablets und PCs, um ihre beruflichen Aufgaben schneller und einfacher zu erledigen \u2013 und das alles ohne Genehmigung der Unternehmens-IT. Diese Cloud-basierten Filesharing-Dienste speichern Ihre sensiblen Daten auf Rechnern, zu denen Sie keinen Zugang haben, die sich nicht an Ihre Richtlinien und Vorgaben halten, und die m\u00f6glicherweise auch noch im Ausland stehen. Entsprechend gro\u00df ist das Risiko von Datenverlust und -missbrauch, was einen enormen Schaden f\u00fcr Ihr Unternehmen zur Folge haben kann.<\/p>\n<ol>\n<li><strong>Faktura + Rechnungswesen<\/strong><\/li>\n<li><strong>Kunden und Lieferanten Verwaltung<\/strong><\/li>\n<li><strong>Bank + Verm\u00f6gensverwaltung<\/strong><\/li>\n<li><strong>Stammdaten Verwaltung<\/strong><\/li>\n<li><strong>Kreditoren \/ Debitoren &#8211; Bilanz<\/strong><\/li>\n<\/ol>\n<p><a href=\"https:\/\/csi-computer.ch\/wp-content\/uploads\/2013\/04\/2015-11-01-17_05_58-Zahlungsverkehr.png\"><img loading=\"lazy\" class=\"wp-image-540 size-large\" src=\"https:\/\/csi-computer.ch\/wp-content\/uploads\/2013\/04\/2015-11-01-17_05_58-Zahlungsverkehr-1024x360.png\" alt=\"2015-11-01 17_05_58-Zahlungsverkehr\" width=\"1024\" height=\"360\" srcset=\"https:\/\/csi-computer.ch\/wp-content\/uploads\/2013\/04\/2015-11-01-17_05_58-Zahlungsverkehr-1024x360.png 1024w, https:\/\/csi-computer.ch\/wp-content\/uploads\/2013\/04\/2015-11-01-17_05_58-Zahlungsverkehr-300x105.png 300w, https:\/\/csi-computer.ch\/wp-content\/uploads\/2013\/04\/2015-11-01-17_05_58-Zahlungsverkehr-624x219.png 624w, https:\/\/csi-computer.ch\/wp-content\/uploads\/2013\/04\/2015-11-01-17_05_58-Zahlungsverkehr.png 1310w\" sizes=\"(max-width: 1024px) 100vw, 1024px\" \/><\/a><\/p>\n<p><strong>Produktiv &#8211; Desk \/ Projekt Dokument und Rechnungswesen \/ Module:<\/strong><\/p>\n<ul>\n<li>Kontakt + Adressverwaltung<\/li>\n<li>Notiz und Information System<\/li>\n<li>Dokument + Brief Vorlage System<\/li>\n<li>Rechnungswesen \/ Bilanz + MwSt<\/li>\n<li>Rechnung Kalkulieren, Erstellen Speichern und Drucken<\/li>\n<li>Kalender Einbindung. GoogleCloud, iCloud . . .<\/li>\n<li>Chrom Browser Druck API optimiert.<\/li>\n<li>Dateiverwaltung + Bild-Manager Media-Streaming<\/li>\n<li>Suchfunktion \/ Tag Suche<\/li>\n<li>Firmen LOGO und Firmen Corporat Identity Anpassung<\/li>\n<li>Direkt E-Mail Funktionen \/ Verwaltung.<\/li>\n<li>SQL HTML5 JQuery JS + PHP optimiert.<\/li>\n<\/ul>\n<p><a href=\"https:\/\/csi-computer.ch\/wp-content\/uploads\/2013\/04\/2015-10-10-02_40_15-ID-591-Herr-Super-User.png\"><img loading=\"lazy\" class=\"alignnone wp-image-535 size-full\" src=\"https:\/\/csi-computer.ch\/wp-content\/uploads\/2013\/04\/2015-10-10-02_40_15-ID-591-Herr-Super-User.png\" alt=\"2015-10-10 02_40_15-ID 591 Herr Super User\" width=\"779\" height=\"501\" srcset=\"https:\/\/csi-computer.ch\/wp-content\/uploads\/2013\/04\/2015-10-10-02_40_15-ID-591-Herr-Super-User.png 779w, https:\/\/csi-computer.ch\/wp-content\/uploads\/2013\/04\/2015-10-10-02_40_15-ID-591-Herr-Super-User-300x193.png 300w, https:\/\/csi-computer.ch\/wp-content\/uploads\/2013\/04\/2015-10-10-02_40_15-ID-591-Herr-Super-User-624x401.png 624w\" sizes=\"(max-width: 779px) 100vw, 779px\" \/><\/a><\/p>\n<p><strong>100% Cloud PC Tablet und Bowser kompatibel<\/strong><\/p>\n<ul>\n<li>INFO Funktionen GEO, MAIL, MAPS<\/li>\n<li>Vcard Import aus local.ch, \/ search.ch Adressen.<\/li>\n<li>Notiz + Projekt Verlauf \/ Benutzer Verwaltung<\/li>\n<li>Notiz und Projekt Verwaltung.<\/li>\n<li>Einf\u00fcgen von URL und HTML Format<\/li>\n<li>Vorlagen und Dokument System \u2013 TinyMCE Editor<\/li>\n<li>Erstellen von Briefe, Kurzbriefe, Lieferscheinen, Memo aus Vorlagen.<\/li>\n<li>RichText Tiny MCE Editor. Unterst\u00fczt HTML5, URL Links etc.<\/li>\n<li>Rechnungswesen \/ Offertenwesen \/ Buchhaltung System<\/li>\n<li>KOV, Rechnungen erstellen, kalkulieren und Drucken.<\/li>\n<li>Rechnungen Verwalten \/ Sortieren \/ Kalkulation\u2019s System<\/li>\n<li>Bank: Kreditoren \/ Debitorenliste \/ Stamm -Daten verwalten.<\/li>\n<li>Buchhaltung: errechnet Umsatz + MwSt. wie Bilanz.<\/li>\n<\/ul>\n<p><span style=\"font-size: 16px;\">Planen Sie mit uns Ihre Cloud. Z\u00f6gern Sie nicht unsere Berater zu kontaktieren.&nbsp;CSI Cloud Hosting. Mieten Sie einfach Ihre KMU Cloud aus unserem Rechenzentrum. Alle Dokumente und Daten liegen mit Garantie auf <\/span><strong style=\"font-size: 16px;\">Schweizer<\/strong><span style=\"font-size: 16px;\"> Staatsgebiet.&nbsp;KMU integrieren Sie Produktiv &#8211; Desk&nbsp;Cloud einfach in Ihrem Lokalen Netzwerk.<\/span><\/p>\n<p><a href=\"https:\/\/csi-computer.ch\/wp-content\/uploads\/2013\/04\/2015-10-25-02_47_48-Produktiv-Desk-Google-Pr\u00e4sentationen.png\"><img loading=\"lazy\" class=\"alignnone wp-image-534 size-full\" src=\"https:\/\/csi-computer.ch\/wp-content\/uploads\/2013\/04\/2015-10-25-02_47_48-Produktiv-Desk-Google-Pr\u00e4sentationen.png\" alt=\"2015-10-25 02_47_48-Produktiv-Desk - Google Pr\u00e4sentationen\" width=\"680\" height=\"357\" srcset=\"https:\/\/csi-computer.ch\/wp-content\/uploads\/2013\/04\/2015-10-25-02_47_48-Produktiv-Desk-Google-Pr\u00e4sentationen.png 680w, https:\/\/csi-computer.ch\/wp-content\/uploads\/2013\/04\/2015-10-25-02_47_48-Produktiv-Desk-Google-Pr\u00e4sentationen-300x158.png 300w, https:\/\/csi-computer.ch\/wp-content\/uploads\/2013\/04\/2015-10-25-02_47_48-Produktiv-Desk-Google-Pr\u00e4sentationen-624x328.png 624w\" sizes=\"(max-width: 680px) 100vw, 680px\" \/><\/a><\/p>\n<hr>\n<p style=\"padding-left: 30px;\"><a href=\"http:\/\/csinet.homelinux.net\/csi-computer.ch\/wp-content\/uploads\/2013\/04\/CSINET-Login-2013-04-24_21-57-53.jpg\"><img loading=\"lazy\" class=\"alignleft wp-image-49 \" src=\"https:\/\/csi-computer.ch\/wp-content\/uploads\/2013\/04\/CSINET-Login-2013-04-24_21-57-53.jpg\" alt=\"CSINET-Login - 2013-04-24_21-57-53\" width=\"185\" height=\"173\" srcset=\"https:\/\/csi-computer.ch\/wp-content\/uploads\/2013\/04\/CSINET-Login-2013-04-24_21-57-53.jpg 333w, https:\/\/csi-computer.ch\/wp-content\/uploads\/2013\/04\/CSINET-Login-2013-04-24_21-57-53-300x280.jpg 300w\" sizes=\"(max-width: 185px) 100vw, 185px\" \/><\/a><strong>Erg\u00e4nzend, k\u00f6nnen Sie L\u00f6sungen mit CSI Computer Service eigenen &#171;Cloud Applikation Entwicklungen&#187; erweitern. <\/strong><\/p>\n<p>ausgestattet und angepa\u00dft auf Ihre Firmen Identit\u00e4t werden unsere ma\u00df geschneiderten Cloud Apps lokal auf internen Datei Servern Integriert.<\/p>\n<p><strong>Einsatzgebiet<\/strong>: Damit wird z.B erm\u00f6glicht das sensitive Daten nicht in einer \u00f6ffentlichen Cloud liegen m\u00fcssen.<\/p>\n<p style=\"padding-left: 30px;\"><strong>Fragen Sie unseren Spezialisten:<\/strong> Cloud Dienste m\u00fcssen nicht zwingend im Internet laufen. Cloud Dienste k\u00f6nnen einfach und sicher auch in Ihrem Lokalen Netzwerk integriert werden. Damit werden Dokumente besser gesch\u00fctzt und verlassen Ihr Firmennetzwerk nicht.<\/p>\n<p style=\"padding-left: 30px;\">Beispiel: Intranet Dokument Repository \/ Management (Word, Excel, Powerpoint etc.)<\/p>\n","protected":false},"excerpt":{"rendered":"<p>Suchen Sie schon lange ein einfach zu bedienendes Faktura und Kontaktverwaltung L\u00f6sung Software, welche Sie von \u00fcberall her arbeiten k\u00f6nnen,und noch dazu keine Software Installation auf Ihren Ger\u00e4ten ben\u00f6tigt. Ob Mobile oder PC \/MAC im B\u00fcro oder als Monteur im Aussendienst. Unsere Software l\u00e4sst keine W\u00fcnsche offen. Die 100% Cloud Branchenl\u00f6sung CMS\/ ERP Branchenl\u00f6sung aus [&hellip;]<\/p>\n","protected":false},"author":1,"featured_media":0,"parent":0,"menu_order":0,"comment_status":"closed","ping_status":"closed","template":"","meta":{"site-sidebar-layout":"no-sidebar","site-content-layout":"plain-container","ast-site-content-layout":"","site-content-style":"default","site-sidebar-style":"default","ast-global-header-display":"","ast-banner-title-visibility":"","ast-main-header-display":"","ast-hfb-above-header-display":"","ast-hfb-below-header-display":"","ast-hfb-mobile-header-display":"","site-post-title":"disabled","ast-breadcrumbs-content":"","ast-featured-img":"disabled","footer-sml-layout":"","theme-transparent-header-meta":"","adv-header-id-meta":"","stick-header-meta":"","header-above-stick-meta":"","header-main-stick-meta":"","header-below-stick-meta":"","astra-migrate-meta-layouts":"default","ast-page-background-enabled":"default","ast-page-background-meta":{"desktop":{"background-color":"","background-image":"","background-repeat":"repeat","background-position":"center center","background-size":"auto","background-attachment":"scroll","background-type":"","background-media":"","overlay-type":"","overlay-color":"","overlay-opacity":"","overlay-gradient":""},"tablet":{"background-color":"","background-image":"","background-repeat":"repeat","background-position":"center center","background-size":"auto","background-attachment":"scroll","background-type":"","background-media":"","overlay-type":"","overlay-color":"","overlay-opacity":"","overlay-gradient":""},"mobile":{"background-color":"","background-image":"","background-repeat":"repeat","background-position":"center center","background-size":"auto","background-attachment":"scroll","background-type":"","background-media":"","overlay-type":"","overlay-color":"","overlay-opacity":"","overlay-gradient":""}},"ast-content-background-meta":{"desktop":{"background-color":"var(--ast-global-color-5)","background-image":"","background-repeat":"repeat","background-position":"center center","background-size":"auto","background-attachment":"scroll","background-type":"","background-media":"","overlay-type":"","overlay-color":"","overlay-opacity":"","overlay-gradient":""},"tablet":{"background-color":"var(--ast-global-color-5)","background-image":"","background-repeat":"repeat","background-position":"center center","background-size":"auto","background-attachment":"scroll","background-type":"","background-media":"","overlay-type":"","overlay-color":"","overlay-opacity":"","overlay-gradient":""},"mobile":{"background-color":"var(--ast-global-color-5)","background-image":"","background-repeat":"repeat","background-position":"center center","background-size":"auto","background-attachment":"scroll","background-type":"","background-media":"","overlay-type":"","overlay-color":"","overlay-opacity":"","overlay-gradient":""}},"ngg_post_thumbnail":0},"_links":{"self":[{"href":"https:\/\/csi-computer.ch\/index.php?rest_route=\/wp\/v2\/pages\/16"}],"collection":[{"href":"https:\/\/csi-computer.ch\/index.php?rest_route=\/wp\/v2\/pages"}],"about":[{"href":"https:\/\/csi-computer.ch\/index.php?rest_route=\/wp\/v2\/types\/page"}],"author":[{"embeddable":true,"href":"https:\/\/csi-computer.ch\/index.php?rest_route=\/wp\/v2\/users\/1"}],"replies":[{"embeddable":true,"href":"https:\/\/csi-computer.ch\/index.php?rest_route=%2Fwp%2Fv2%2Fcomments&post=16"}],"version-history":[{"count":54,"href":"https:\/\/csi-computer.ch\/index.php?rest_route=\/wp\/v2\/pages\/16\/revisions"}],"predecessor-version":[{"id":374,"href":"https:\/\/csi-computer.ch\/index.php?rest_route=\/wp\/v2\/pages\/16\/revisions\/374"}],"wp:attachment":[{"href":"https:\/\/csi-computer.ch\/index.php?rest_route=%2Fwp%2Fv2%2Fmedia&parent=16"}],"curies":[{"name":"wp","href":"https:\/\/api.w.org\/{rel}","templated":true}]}}