{"id":11,"date":"2013-04-18T23:13:50","date_gmt":"2013-04-18T21:13:50","guid":{"rendered":"http:\/\/csinet.homelinux.net\/csi-computer.ch\/?page_id=11"},"modified":"2021-08-10T22:38:41","modified_gmt":"2021-08-10T20:38:41","slug":"it-dienstleistungen","status":"publish","type":"page","link":"https:\/\/csi-computer.ch\/?page_id=11","title":{"rendered":"KMU &#8211; Dienstleistungen"},"content":{"rendered":"<p><a href=\"https:\/\/csi-computer.ch\/wp-content\/uploads\/2013\/04\/portrait2.gif\"><img loading=\"lazy\" class=\"alignleft wp-image-22 size-full\" src=\"https:\/\/csi-computer.ch\/wp-content\/uploads\/2013\/04\/portrait2.gif\" alt=\"im Portrait\" width=\"86\" height=\"30\"><\/a><strong>Im Umfeld Ihrer IT &#8211; Umgebung m\u00f6chten wir Ihnen unsere T\u00e4tigkeiten kurz vorstellen.<\/strong> Unser Wissen zeichnet sich durch eine solide Erfahrung im Umgang mit IT &#8211; Informationssystemen und deren Peripherie Umfeld aus. Dank unserer bew\u00e4hrten Partnerschaften zu Technologie Herstellern, Hard und Software Lieferanten sind wir in der Lage einen erstklassigen Support zu liefern. Wir haben uns zum Ziel gesetzt, den W\u00fcnschen und Bed\u00fcrfnissen unserer Kundschaft optimal entsprechen zu k\u00f6nnen. Durch die weitere Entwicklungen des IT Umfeld, passt sich CSI Computer Service den gegebenen Herausforderungen an.<\/p>\n<hr>\n<p align=\"justify\"><img loading=\"lazy\" class=\"alignleft wp-image-166 \" src=\"https:\/\/csi-computer.ch\/wp-content\/uploads\/2013\/04\/images1.jpg\" alt=\"images\" width=\"80\" height=\"74\"><strong>Web Designe \/ Software Entwicklung. <\/strong>Unsere technische Umgebung in Dielsdorf ZH erm\u00f6glicht es, Hardware wie Software Entwicklungen vorab f\u00fcr Unsere Kundschaft zu entwickeln und zu testen. Damit diese bei unserer Kundschaft sicher in bestehende IT Strukturen zu integrieren sind. Ein weiterer Schwerpunkte liegt in der Erarbeitung von Qualit\u00e4ts- Standarten dem Archivieren, sowie dem wieder ver\u00f6ffentlichen von Dokumenten innerhalb von Firmennetzwerken.<\/p>\n<hr>\n<p style=\"text-align: left;\"><strong>Windows-Client-Server Support:<\/strong> Windows WIN-10, &nbsp;WIN-7,&nbsp;Win-Server 2012<br \/>\nSBS Server, Active Directory, Mail Exchange .NET<br \/>\nKMU Small Business und&nbsp;Medium Business L\u00f6sungen.<\/p>\n<hr>\n<p><strong>Linux Server, Unix Dienste<\/strong><br \/>\nSystem Service, Apache, SMB, SSL, PHP5, MySQL,<br \/>\nLDAP, NAS und Cloud Applikation Server.<\/p>\n<hr>\n<p><strong>Sunrise UPC Cablecom Business Partner<\/strong><br \/>\nInternet, Provisionierung <span style=\"font-size: 16px; font-style: normal; font-weight: 400;\">Telefonie<\/span><span style=\"font-size: 16px;\">, Voice over IP, und Mobile L\u00f6sungen aus einer Hand.<\/span><\/p>\n<hr>\n<p>&nbsp;<\/p>\n<p><strong>WEB2.0, Cloud Dienste<\/strong> Google Drive Integration. Kollaboration, Networking WEB2.0, PHP5,7 MySql, Hosting. Google API Support.<\/p>\n<p><a href=\"https:\/\/csi-computer.ch\/wp-content\/uploads\/2013\/04\/Google-Drive-Cloud.jpg\"><img loading=\"lazy\" class=\"alignnone size-full wp-image-44\" src=\"https:\/\/csi-computer.ch\/wp-content\/uploads\/2013\/04\/Google-Drive-Cloud.jpg\" alt=\"Google Drive Cloud\" width=\"252\" height=\"150\"><\/a><\/p>\n<hr>\n<p>&nbsp;<\/p>\n","protected":false},"excerpt":{"rendered":"<p>Im Umfeld Ihrer IT &#8211; Umgebung m\u00f6chten wir Ihnen unsere T\u00e4tigkeiten kurz vorstellen. Unser Wissen zeichnet sich durch eine solide Erfahrung im Umgang mit IT &#8211; Informationssystemen und deren Peripherie Umfeld aus. Dank unserer bew\u00e4hrten Partnerschaften zu Technologie Herstellern, Hard und Software Lieferanten sind wir in der Lage einen erstklassigen Support zu liefern. Wir haben [&hellip;]<\/p>\n","protected":false},"author":1,"featured_media":0,"parent":0,"menu_order":0,"comment_status":"closed","ping_status":"closed","template":"","meta":{"site-sidebar-layout":"default","site-content-layout":"default","ast-site-content-layout":"","site-content-style":"default","site-sidebar-style":"default","ast-global-header-display":"","ast-banner-title-visibility":"","ast-main-header-display":"","ast-hfb-above-header-display":"","ast-hfb-below-header-display":"","ast-hfb-mobile-header-display":"","site-post-title":"","ast-breadcrumbs-content":"","ast-featured-img":"","footer-sml-layout":"","theme-transparent-header-meta":"default","adv-header-id-meta":"","stick-header-meta":"","header-above-stick-meta":"","header-main-stick-meta":"","header-below-stick-meta":"","astra-migrate-meta-layouts":"default","ast-page-background-enabled":"default","ast-page-background-meta":{"desktop":{"background-color":"","background-image":"","background-repeat":"repeat","background-position":"center center","background-size":"auto","background-attachment":"scroll","background-type":"","background-media":"","overlay-type":"","overlay-color":"","overlay-opacity":"","overlay-gradient":""},"tablet":{"background-color":"","background-image":"","background-repeat":"repeat","background-position":"center center","background-size":"auto","background-attachment":"scroll","background-type":"","background-media":"","overlay-type":"","overlay-color":"","overlay-opacity":"","overlay-gradient":""},"mobile":{"background-color":"","background-image":"","background-repeat":"repeat","background-position":"center center","background-size":"auto","background-attachment":"scroll","background-type":"","background-media":"","overlay-type":"","overlay-color":"","overlay-opacity":"","overlay-gradient":""}},"ast-content-background-meta":{"desktop":{"background-color":"var(--ast-global-color-5)","background-image":"","background-repeat":"repeat","background-position":"center center","background-size":"auto","background-attachment":"scroll","background-type":"","background-media":"","overlay-type":"","overlay-color":"","overlay-opacity":"","overlay-gradient":""},"tablet":{"background-color":"var(--ast-global-color-5)","background-image":"","background-repeat":"repeat","background-position":"center center","background-size":"auto","background-attachment":"scroll","background-type":"","background-media":"","overlay-type":"","overlay-color":"","overlay-opacity":"","overlay-gradient":""},"mobile":{"background-color":"var(--ast-global-color-5)","background-image":"","background-repeat":"repeat","background-position":"center center","background-size":"auto","background-attachment":"scroll","background-type":"","background-media":"","overlay-type":"","overlay-color":"","overlay-opacity":"","overlay-gradient":""}},"ngg_post_thumbnail":0},"_links":{"self":[{"href":"https:\/\/csi-computer.ch\/index.php?rest_route=\/wp\/v2\/pages\/11"}],"collection":[{"href":"https:\/\/csi-computer.ch\/index.php?rest_route=\/wp\/v2\/pages"}],"about":[{"href":"https:\/\/csi-computer.ch\/index.php?rest_route=\/wp\/v2\/types\/page"}],"author":[{"embeddable":true,"href":"https:\/\/csi-computer.ch\/index.php?rest_route=\/wp\/v2\/users\/1"}],"replies":[{"embeddable":true,"href":"https:\/\/csi-computer.ch\/index.php?rest_route=%2Fwp%2Fv2%2Fcomments&post=11"}],"version-history":[{"count":52,"href":"https:\/\/csi-computer.ch\/index.php?rest_route=\/wp\/v2\/pages\/11\/revisions"}],"predecessor-version":[{"id":734,"href":"https:\/\/csi-computer.ch\/index.php?rest_route=\/wp\/v2\/pages\/11\/revisions\/734"}],"wp:attachment":[{"href":"https:\/\/csi-computer.ch\/index.php?rest_route=%2Fwp%2Fv2%2Fmedia&parent=11"}],"curies":[{"name":"wp","href":"https:\/\/api.w.org\/{rel}","templated":true}]}}